 What is the remainder when o is divided by 29?
26
Let s(l) = -l**2 + 18*l - 17. What is the remainder when s(14) is divided by 14?
11
Let a = 74 + -15. What is the remainder when a is divided by 15?
14
Let t be (3/((-9)/201))/1. What is the remainder when (-3)/(-12) - t/4 is divided by 6?
5
Let o(j) = -j**3 - 4*j**2 - 2*j - 6. Let t be o(-4). What is the remainder when ((-41)/(-2))/(t/4) is divided by 11?
8
Let m(o) = -o**2 + 2*o + 2. Let q be m(2). Suppose k + 1 = z, q*z - k = -0 + 3. Suppose -3 = -y + 1. Calculate the remainder when y is divided by z.
0
Calculate the remainder when 7 is divided by 1/2*(0 + 4).
1
Calculate the remainder when 94 is divided by 46 - ((-5)/5 - 1).
46
Suppose -9*d + 595 = -4*d. What is the remainder when d is divided by 41?
37
Suppose -10*m - 20 = -15*m. Calculate the remainder when 13 is divided by m.
1
Let v(q) = 3*q + 9. Calculate the remainder when 119 is divided by v(7).
29
Suppose 2*h = -183 + 59. What is the remainder when (h/4 - -1)*-2 is divided by 10?
9
Suppose -5*u + 20 = -5*p, -5*p + 2 = -13. Suppose -3*b - y = 4*y + 8, -2*y + 12 = 5*b. What is the remainder when u is divided by b?
3
Let j be -20 + 0 + 4/2. Let z = 29 + j. Calculate the remainder when (((-6)/2)/6)/((-5)/430) is divided by z.
10
Suppose -5*w = 2*w - 217. What is the remainder when w is divided by 8?
7
Suppose 21 = 8*o - 59. What is the remainder when o is divided by 4?
2
Let k = 5 + -2. Suppose j + 6 = k*j. What is the remainder when 12 is divided by j?
0
Let p(x) = -x**2 - 4*x + 3. Let k be p(-4). Suppose 0 = k*g - 111 - 60. What is the remainder when g is divided by 4 + (9 - (1 + 0)) + 3?
12
Let b(h) = -h**3 - 16*h**2 - 5*h - 55. Calculate the remainder when b(-16) is divided by 14.
11
Let m = 8 + -11. Let l = m + 16. Calculate the remainder when 24 is divided by l.
11
Suppose -24 + 0 = -4*i. Let w(q) = -7*q - 27. Calculate the remainder when w(-7) is divided by i.
4
Let k = -4 + 8. Calculate the remainder when 14 is divided by 2 - 2 - k*-2.
6
Suppose -5*f - 7 = -4*x, 4*x - 2*f - f - 17 = 0. Suppose 5*a = 4*w - 125, -3*w - 152 = -8*w + 2*a. What is the remainder when w is divided by x?
6
Suppose -5*y - 140 + 385 = 0. Suppose 4*p + 44 = 112. Calculate the remainder when y is divided by p.
15
Let d = -46 + 89. Let a = -6 - -8. Let x = a - -9. Calculate the remainder when d is divided by x.
10
Suppose f + 166 = 3*f. What is the remainder when f is divided by 17?
15
Suppose -4*m + 166 = 30. Suppose 22 = 2*b - 0*b. What is the remainder when m is divided by 1*b/1 - -1?
10
Suppose 7*c - 8*c = -18. Calculate the remainder when 70 is divided by c.
16
Suppose -6*f = -3*f - 12. What is the remainder when 8 is divided by f?
0
Let c(x) = x**3 + 6*x**2 - 9*x - 6. Let w(u) = u**2 + 11*u + 5. Let d be w(-5). Calculate the remainder when (2 + d - 0)/(-1) is divided by c(-7).
7
Let x = -1 + 10. Suppose -4*o = -5*w + o + 30, x = -3*o. What is the remainder when 8 is divided by w?
2
Let h(g) be the third derivative of g**5/15 - g**4/12 + g**3/6 + 2*g**2. Calculate the remainder when h(-3) is divided by ((-3)/(-6))/((-2)/(-60)).
13
Let o(t) = -t**2 + 7*t - 6. Let l be o(5). Suppose l*y + 92 = -j, -j - 116 = -y + 6*y. Calculate the remainder when (16/(-6))/(4/y) is divided by 6.
4
Suppose f + 0*f - 2*d + 3 = 0, d = f. What is the remainder when 6 is divided by f?
0
Suppose -c - 6 + 0 = 0. Let h = -7 - -19. Calculate the remainder when (-1)/(-3) - 130/c is divided by h.
10
Suppose -10*m + 16 = -8*m. What is the remainder when 23 is divided by m?
7
Let y be (-4)/(-14) - (-145)/7. Let g = y + -9. What is the remainder when 22 is divided by g?
10
Suppose 5*j = -m + 10, -5*j + 35 + 5 = -5*m. Suppose 3*n + 3*z - 3 = 0, -z = j*n - 3 - 8. Calculate the remainder when n is divided by 3.
2
Suppose 4*z + 30 = 118. Let q = -8 - -18. Suppose -5*b - 4*j = -8*j - q, 4*j - 26 = -b. What is the remainder when z is divided by b?
4
Let n(c) = -6*c + 1. Let w be n(5). Let p = w + 48. Calculate the remainder when 37 is divided by p.
18
Let y be ((-12)/(-9) + -2)*-51. Suppose r = 3*r - y. Calculate the remainder when r is divided by 5.
2
Let t(d) = -d - 1. Let y be t(2). Let w(g) = 7*g - 2. Let s be w(-2). Calculate the remainder when 22 is divided by (y/4)/(1/s).
10
Let a be ((-2)/6)/(5/(-285)). Suppose n = r + a, 4 + 0 = -r. What is the remainder when 43 is divided by n?
13
Suppose 5 = 2*v - 193. Calculate the remainder when v is divided by 20.
19
Let y(s) = -s**3 - 2*s**2 - 2*s - 4. Let c be y(-2). Suppose c = 4*f + f - 30. Let m = 26 + -9. Calculate the remainder when m is divided by f.
5
Suppose 4*s + 2 - 38 = 0. What is the remainder when 33 is divided by s?
6
Let i(m) = -m - 7. Let t(w) = w + 8. Let v(j) = -3*i(j) - 2*t(j). Let o be v(-4). Calculate the remainder when 9 is divided by 2 + (1 - (o + -3)).
4
Suppose 2*l - 72 + 6 = 0. Let t = 431 + -301. Calculate the remainder when t is divided by l.
31
Suppose -3*o = -4*u + 2*o + 13, -3*o + 1 = 2*u. Suppose -u*w + 60 = -0. What is the remainder when w is divided by 16?
14
What is the remainder when ((-54)/10)/((-2)/10) is divided by 14?
13
Let r = -6 + 9. Suppose -n - 4*w + 32 = r*n, 27 = 4*n - w. What is the remainder when 27 is divided by n?
6
Let t = -83 + 122. Suppose -3*v + 34 = 4*a, -3*v + 0*v + 4*a = -50. Calculate the remainder when t is divided by v.
11
Suppose 0 = -9*w + 14*w - 650. What is the remainder when w is divided by 33?
31
Let b = 17 + -9. Suppose b*h - 81 = 5*h. What is the remainder when 78 is divided by h?
24
Let o(m) = -3*m**2 + m - 1. Let t be o(2). Let z be 265/55 - 2/t. Suppose 135 = -0*u + z*u. What is the remainder when u is divided by 7?
6
Suppose -34 = -3*c + c. Suppose -2*s - 2*a = -8, -5*a = 3*s - a - 12. What is the remainder when c is divided by s?
1
Suppose 0 = -9*x + 7*x. Suppose o + 3*h = 18, o - 4*h + 17 = -x*o. Calculate the remainder when 3 is divided by o.
0
Let w = 13 + 3. Suppose -4*b + 445 + 495 = 0. Suppose c - b = -4*c. Calculate the remainder when c is divided by w.
15
Suppose -3*u + 5*j + 51 = 0, 27 = 2*u - 3*j + 2*j. Calculate the remainder when 1/(-2) - 279/(-6) is divided by u.
10
Suppose -3*c + 6 = -15. Suppose 0 = -2*m - 4, -f - 2*m + 4 = -3*f. What is the remainder when c is divided by (f - -4) + (2 - -1)?
1
Let m(o) = -o**3 - 7*o**2 - 2*o - 5. Calculate the remainder when m(-7) is divided by 5.
4
Let h = -25 - -46. Calculate the remainder when h is divided by 11.
10
Suppose -4*a + 1 = -27. Let y be (-352)/24 - (-4)/6. Let m = y - -18. What is the remainder when a is divided by m?
3
Let c be (1 - -7)*(-35)/(-5). Calculate the remainder when 17 is divided by c/6 - (-1)/(-3).
8
Suppose -2*g = 13 + 1. Suppose r + 2*o - 17 = 0, 5*o + 2 - 50 = -3*r. Let u = g + r. What is the remainder when 13 is divided by u?
1
Let q = -23 - -63. Let j(p) = 6*p + 2. What is the remainder when q is divided by j(2)?
12
Suppose -3*x - 3*t + 306 = 0, -2*x + t = -2*t - 209. Suppose x = -5*c + 328. Calculate the remainder when c is divided by 16.
13
Let l = 21 + 20. Let f = l + 1. Suppose n - f = -2*n. Calculate the remainder when 39 is divided by n.
11
Let l(x) = 5*x**2 - 3*x - 10. Calculate the remainder when l(4) is divided by 118/6 - (-2)/6.
18
Suppose 11 = 3*c + 2. Suppose -4*s - 37 = -3*r - 5*s, -4*r - c*s = -41. Calculate the remainder when r is divided by 8.
6
Let p(u) = u**3 + 13*u**2 + 13*u + 17. Let t be p(-12). Suppose -2*n = 4*v - 56, 4*v - 3*v = t*n - 8. Calculate the remainder when v is divided by 7.
5
Suppose -9 - 1 = -4*n + 3*u, n - 3*u + 2 = 0. Let y = 0 + n. What is the remainder when y is divided by 0 - (-3 - -2) - -1?
0
Let c be 1/((-1)/(-15)) + 1. Suppose 0 = -2*s + 30 + c. Calculate the remainder when s is divided by 12.
11
Let s = 90 + -57. Calculate the remainder when 65 is divided by s.
32
Suppose 19 + 0 = f. Let v(u) = -u**3 + 4*u**2 - 2*u - 1. Let a be v(3). Suppose -5*j + 30 = -a*j. What is the remainder when f is divided by j?
9
Suppose 5*j + 12 = 2*k, -18 = -3*k - j + 3*j. Let p = 11 - -1. What is the remainder when p is divided by ((-4)/k)/((-2)/21)?
5
Calculate the remainder when 34 + -4*(-3)/(-9)*3 is divided by 9.
3
Let c(l) = -l + 32. Calculate the remainder when 31 is divided by c(16).
15
Suppose 3*f = 3*s + 39, -3*f + 2*f - 5*s = -43. Calculate the rem